{"id":346,"date":"2026-02-17T18:16:51","date_gmt":"2026-02-17T15:16:51","guid":{"rendered":"https:\/\/jvworks.fi\/?page_id=346"},"modified":"2026-02-17T18:34:27","modified_gmt":"2026-02-17T15:34:27","slug":"myydaan","status":"publish","type":"page","link":"https:\/\/jvworks.fi\/index.php\/myydaan\/","title":{"rendered":"Myyd\u00e4\u00e4n"},"content":{"rendered":"\n<p><strong>MUUT ARTIKKELIT<\/strong><\/p>\n\n\n<div class=\"wp-block-image is-style-default\">\n<figure class=\"aligncenter size-full\"><img loading=\"lazy\" decoding=\"async\" width=\"600\" height=\"800\" src=\"https:\/\/jvworks.fi\/wp-content\/uploads\/2026\/02\/20250301_085646796_iOS.jpg\" alt=\"Kuvan mukainen Generaattori. Ei kertaakaan k\u00e4ytetty, eik\u00e4 ole polttoaineita tankissa ollut. S\u00e4ilytetty kuivassa ja l\u00e4mpim\u00e4ss\u00e4.\n\nHINTA: 150 \u20ac\" class=\"wp-image-325\" style=\"aspect-ratio:3\/4;object-fit:cover\" srcset=\"https:\/\/jvworks.fi\/wp-content\/uploads\/2026\/02\/20250301_085646796_iOS.jpg 600w, https:\/\/jvworks.fi\/wp-content\/uploads\/2026\/02\/20250301_085646796_iOS-225x300.jpg 225w, https:\/\/jvworks.fi\/wp-content\/uploads\/2026\/02\/20250301_085646796_iOS-300x400.jpg 300w\" sizes=\"auto, (max-width: 600px) 100vw, 600px\" \/><\/figure>\n<\/div>\n\n\n<p>Kuvan mukainen Generaattori. Ei kertaakaan k\u00e4ytetty, eik\u00e4 ole polttoaineita tankissa ollut. S\u00e4ilytetty kuivassa ja l\u00e4mpim\u00e4ss\u00e4.<\/p>\n\n\n\n<p><strong>HINTA: 150 \u20ac<\/strong><\/p>\n\n\n<div class=\"wp-block-image\">\n<figure class=\"aligncenter size-large\"><img loading=\"lazy\" decoding=\"async\" width=\"768\" height=\"1024\" src=\"https:\/\/jvworks.fi\/wp-content\/uploads\/2026\/02\/6e3f8f9c-fd32-4b91-9436-3f30020ee50a-768x1024.jpg\" alt=\"L\u00f6h\u00f6tuoli \nHINTA: 50 \u20ac\" class=\"wp-image-274\" srcset=\"https:\/\/jvworks.fi\/wp-content\/uploads\/2026\/02\/6e3f8f9c-fd32-4b91-9436-3f30020ee50a-768x1024.jpg 768w, https:\/\/jvworks.fi\/wp-content\/uploads\/2026\/02\/6e3f8f9c-fd32-4b91-9436-3f30020ee50a-225x300.jpg 225w, https:\/\/jvworks.fi\/wp-content\/uploads\/2026\/02\/6e3f8f9c-fd32-4b91-9436-3f30020ee50a-1152x1536.jpg 1152w, https:\/\/jvworks.fi\/wp-content\/uploads\/2026\/02\/6e3f8f9c-fd32-4b91-9436-3f30020ee50a-300x400.jpg 300w, https:\/\/jvworks.fi\/wp-content\/uploads\/2026\/02\/6e3f8f9c-fd32-4b91-9436-3f30020ee50a.jpg 1200w\" sizes=\"auto, (max-width: 768px) 100vw, 768px\" \/><\/figure>\n<\/div>\n\n\n<p>L\u00f6h\u00f6tuoli <br><strong>HINTA: 50 \u20ac<\/strong><\/p>\n\n\n<div class=\"wp-block-image\">\n<figure class=\"aligncenter size-full\"><img loading=\"lazy\" decoding=\"async\" width=\"1000\" height=\"750\" src=\"https:\/\/jvworks.fi\/wp-content\/uploads\/2026\/02\/sohva.jpg\" alt=\"\" class=\"wp-image-269\" srcset=\"https:\/\/jvworks.fi\/wp-content\/uploads\/2026\/02\/sohva.jpg 1000w, https:\/\/jvworks.fi\/wp-content\/uploads\/2026\/02\/sohva-300x225.jpg 300w, https:\/\/jvworks.fi\/wp-content\/uploads\/2026\/02\/sohva-768x576.jpg 768w\" sizes=\"auto, (max-width: 1000px) 100vw, 1000px\" \/><\/figure>\n<\/div>\n\n\n<p>Vanha 70-80-luvun makuusohva<\/p>\n\n\n\n<p><strong>HINTA: 50\u20ac<\/strong><\/p>\n\n\n<div class=\"wp-block-image\">\n<figure class=\"aligncenter size-large\"><img loading=\"lazy\" decoding=\"async\" width=\"768\" height=\"1024\" src=\"https:\/\/jvworks.fi\/wp-content\/uploads\/2026\/02\/20251102_114245962_iOS-768x1024.jpg\" alt=\"\" class=\"wp-image-327\" srcset=\"https:\/\/jvworks.fi\/wp-content\/uploads\/2026\/02\/20251102_114245962_iOS-768x1024.jpg 768w, https:\/\/jvworks.fi\/wp-content\/uploads\/2026\/02\/20251102_114245962_iOS-225x300.jpg 225w, https:\/\/jvworks.fi\/wp-content\/uploads\/2026\/02\/20251102_114245962_iOS-300x400.jpg 300w, https:\/\/jvworks.fi\/wp-content\/uploads\/2026\/02\/20251102_114245962_iOS.jpg 800w\" sizes=\"auto, (max-width: 768px) 100vw, 768px\" \/><\/figure>\n<\/div>\n\n\n<p>Satulatuoli<\/p>\n\n\n\n<p><strong>HINTA: 50 \u20ac<\/strong><\/p>\n\n\n\n<p><strong>RASKASKALUSTO<\/strong><\/p>\n\n\n\n<figure class=\"wp-block-gallery has-nested-images columns-default is-cropped wp-block-gallery-1 is-layout-flex wp-block-gallery-is-layout-flex\">\n<figure class=\"wp-block-image size-large\"><img loading=\"lazy\" decoding=\"async\" width=\"768\" height=\"1024\" data-id=\"344\" src=\"https:\/\/jvworks.fi\/wp-content\/uploads\/2026\/02\/20251102_115143325_iOS-768x1024.jpg\" alt=\"\" class=\"wp-image-344\" srcset=\"https:\/\/jvworks.fi\/wp-content\/uploads\/2026\/02\/20251102_115143325_iOS-768x1024.jpg 768w, https:\/\/jvworks.fi\/wp-content\/uploads\/2026\/02\/20251102_115143325_iOS-225x300.jpg 225w, https:\/\/jvworks.fi\/wp-content\/uploads\/2026\/02\/20251102_115143325_iOS-300x400.jpg 300w, https:\/\/jvworks.fi\/wp-content\/uploads\/2026\/02\/20251102_115143325_iOS.jpg 800w\" sizes=\"auto, (max-width: 768px) 100vw, 768px\" \/><\/figure>\n\n\n\n<figure class=\"wp-block-image size-large\"><img loading=\"lazy\" decoding=\"async\" width=\"768\" height=\"1024\" data-id=\"343\" src=\"https:\/\/jvworks.fi\/wp-content\/uploads\/2026\/02\/20251102_115134552_iOS-768x1024.jpg\" alt=\"\" class=\"wp-image-343\" srcset=\"https:\/\/jvworks.fi\/wp-content\/uploads\/2026\/02\/20251102_115134552_iOS-768x1024.jpg 768w, https:\/\/jvworks.fi\/wp-content\/uploads\/2026\/02\/20251102_115134552_iOS-225x300.jpg 225w, https:\/\/jvworks.fi\/wp-content\/uploads\/2026\/02\/20251102_115134552_iOS-300x400.jpg 300w, https:\/\/jvworks.fi\/wp-content\/uploads\/2026\/02\/20251102_115134552_iOS.jpg 800w\" sizes=\"auto, (max-width: 768px) 100vw, 768px\" \/><\/figure>\n\n\n\n<figure class=\"wp-block-image size-large\"><img loading=\"lazy\" decoding=\"async\" width=\"768\" height=\"1024\" data-id=\"341\" src=\"https:\/\/jvworks.fi\/wp-content\/uploads\/2026\/02\/20251102_115102371_iOS-768x1024.jpg\" alt=\"\" class=\"wp-image-341\" srcset=\"https:\/\/jvworks.fi\/wp-content\/uploads\/2026\/02\/20251102_115102371_iOS-768x1024.jpg 768w, https:\/\/jvworks.fi\/wp-content\/uploads\/2026\/02\/20251102_115102371_iOS-225x300.jpg 225w, https:\/\/jvworks.fi\/wp-content\/uploads\/2026\/02\/20251102_115102371_iOS-300x400.jpg 300w, https:\/\/jvworks.fi\/wp-content\/uploads\/2026\/02\/20251102_115102371_iOS.jpg 800w\" sizes=\"auto, (max-width: 768px) 100vw, 768px\" \/><\/figure>\n\n\n\n<figure class=\"wp-block-image size-large\"><img loading=\"lazy\" decoding=\"async\" width=\"768\" height=\"1024\" data-id=\"342\" src=\"https:\/\/jvworks.fi\/wp-content\/uploads\/2026\/02\/20251102_115127934_iOS-768x1024.jpg\" alt=\"\" class=\"wp-image-342\" srcset=\"https:\/\/jvworks.fi\/wp-content\/uploads\/2026\/02\/20251102_115127934_iOS-768x1024.jpg 768w, https:\/\/jvworks.fi\/wp-content\/uploads\/2026\/02\/20251102_115127934_iOS-225x300.jpg 225w, https:\/\/jvworks.fi\/wp-content\/uploads\/2026\/02\/20251102_115127934_iOS-300x400.jpg 300w, https:\/\/jvworks.fi\/wp-content\/uploads\/2026\/02\/20251102_115127934_iOS.jpg 800w\" sizes=\"auto, (max-width: 768px) 100vw, 768px\" \/><\/figure>\n\n\n\n<figure class=\"wp-block-image size-large\"><img loading=\"lazy\" decoding=\"async\" width=\"768\" height=\"1024\" data-id=\"339\" src=\"https:\/\/jvworks.fi\/wp-content\/uploads\/2026\/02\/20251102_115024461_iOS-768x1024.jpg\" alt=\"\" class=\"wp-image-339\" srcset=\"https:\/\/jvworks.fi\/wp-content\/uploads\/2026\/02\/20251102_115024461_iOS-768x1024.jpg 768w, https:\/\/jvworks.fi\/wp-content\/uploads\/2026\/02\/20251102_115024461_iOS-225x300.jpg 225w, https:\/\/jvworks.fi\/wp-content\/uploads\/2026\/02\/20251102_115024461_iOS-300x400.jpg 300w, https:\/\/jvworks.fi\/wp-content\/uploads\/2026\/02\/20251102_115024461_iOS.jpg 800w\" sizes=\"auto, (max-width: 768px) 100vw, 768px\" \/><\/figure>\n\n\n\n<figure class=\"wp-block-image size-large\"><img loading=\"lazy\" decoding=\"async\" width=\"768\" height=\"1024\" data-id=\"340\" src=\"https:\/\/jvworks.fi\/wp-content\/uploads\/2026\/02\/20251102_115035182_iOS-768x1024.jpg\" alt=\"\" class=\"wp-image-340\" srcset=\"https:\/\/jvworks.fi\/wp-content\/uploads\/2026\/02\/20251102_115035182_iOS-768x1024.jpg 768w, https:\/\/jvworks.fi\/wp-content\/uploads\/2026\/02\/20251102_115035182_iOS-225x300.jpg 225w, https:\/\/jvworks.fi\/wp-content\/uploads\/2026\/02\/20251102_115035182_iOS-300x400.jpg 300w, https:\/\/jvworks.fi\/wp-content\/uploads\/2026\/02\/20251102_115035182_iOS.jpg 800w\" sizes=\"auto, (max-width: 768px) 100vw, 768px\" \/><\/figure>\n\n\n\n<figure class=\"wp-block-image size-large\"><img loading=\"lazy\" decoding=\"async\" width=\"768\" height=\"1024\" data-id=\"337\" src=\"https:\/\/jvworks.fi\/wp-content\/uploads\/2026\/02\/20251102_114820810_iOS-768x1024.jpg\" alt=\"\" class=\"wp-image-337\" srcset=\"https:\/\/jvworks.fi\/wp-content\/uploads\/2026\/02\/20251102_114820810_iOS-768x1024.jpg 768w, https:\/\/jvworks.fi\/wp-content\/uploads\/2026\/02\/20251102_114820810_iOS-225x300.jpg 225w, https:\/\/jvworks.fi\/wp-content\/uploads\/2026\/02\/20251102_114820810_iOS-300x400.jpg 300w, https:\/\/jvworks.fi\/wp-content\/uploads\/2026\/02\/20251102_114820810_iOS.jpg 800w\" sizes=\"auto, (max-width: 768px) 100vw, 768px\" \/><\/figure>\n\n\n\n<figure class=\"wp-block-image size-large\"><img loading=\"lazy\" decoding=\"async\" width=\"768\" height=\"1024\" data-id=\"338\" src=\"https:\/\/jvworks.fi\/wp-content\/uploads\/2026\/02\/20251102_114922529_iOS-768x1024.jpg\" alt=\"\" class=\"wp-image-338\" srcset=\"https:\/\/jvworks.fi\/wp-content\/uploads\/2026\/02\/20251102_114922529_iOS-768x1024.jpg 768w, https:\/\/jvworks.fi\/wp-content\/uploads\/2026\/02\/20251102_114922529_iOS-225x300.jpg 225w, https:\/\/jvworks.fi\/wp-content\/uploads\/2026\/02\/20251102_114922529_iOS-300x400.jpg 300w, https:\/\/jvworks.fi\/wp-content\/uploads\/2026\/02\/20251102_114922529_iOS.jpg 800w\" sizes=\"auto, (max-width: 768px) 100vw, 768px\" \/><\/figure>\n<\/figure>\n\n\n\n<p>Sekalainen setti PPV:n johtoja sek\u00e4 ilmaletkuja<\/p>\n\n\n\n<figure class=\"wp-block-table is-style-stripes\"><table class=\"has-fixed-layout\"><tbody><tr><td><strong>Ilmaletkut pun\/kelt<\/strong> (uudet ) ilman liittimi\u00e4<\/td><td><strong>50 \u20ac \/kpl<\/strong><\/td><\/tr><tr><td><strong>Duomatic-Duomatic  Ilmaletku<\/strong><\/td><td><strong>150 \u20ac<\/strong><\/td><\/tr><tr><td><strong>ABS johto<\/strong><\/td><td><strong>30 \u20ac<\/strong><\/td><\/tr><tr><td><strong>EBS Johto<\/strong><\/td><td><strong>60 \u20ac<\/strong><\/td><\/tr><tr><td><strong>NATO-NATO johto<\/strong><\/td><td><strong>200 \u20ac<\/strong> <strong>\/ kpl <\/strong><\/td><\/tr><tr><td><strong>NATO-Trukkiliitinjohto<\/strong><\/td><td><strong>200 \u20ac \/ kpl<\/strong><\/td><\/tr><tr><td><strong>Ilmaletkut pun\/kelt<\/strong> <strong>1 Kouraliitin<\/strong><\/td><td><strong>50 \u20ac<\/strong> <strong>\/ kpl <\/strong><\/td><\/tr><tr><td><strong>Pitk\u00e4 s\u00e4ili\u00f6n ilmaletku <\/strong><br><br><strong>Soita tai <a href=\"https:\/\/jvworks.fi\/index.php\/yhteystiedot\/\" data-type=\"page\" data-id=\"213\">pyyd\u00e4 tarjous<\/a> vaikka koko setille<\/strong><\/td><td><strong>100 \u20ac<\/strong><br><\/td><\/tr><\/tbody><\/table><\/figure>\n\n\n<div class=\"wp-block-image\">\n<figure class=\"aligncenter size-large\"><img loading=\"lazy\" decoding=\"async\" width=\"768\" height=\"1024\" src=\"https:\/\/jvworks.fi\/wp-content\/uploads\/2026\/02\/20251102_114357371_iOS-768x1024.jpg\" alt=\"\" class=\"wp-image-329\" srcset=\"https:\/\/jvworks.fi\/wp-content\/uploads\/2026\/02\/20251102_114357371_iOS-768x1024.jpg 768w, https:\/\/jvworks.fi\/wp-content\/uploads\/2026\/02\/20251102_114357371_iOS-225x300.jpg 225w, https:\/\/jvworks.fi\/wp-content\/uploads\/2026\/02\/20251102_114357371_iOS-300x400.jpg 300w, https:\/\/jvworks.fi\/wp-content\/uploads\/2026\/02\/20251102_114357371_iOS.jpg 800w\" sizes=\"auto, (max-width: 768px) 100vw, 768px\" \/><\/figure>\n<\/div>\n\n\n<p>Kuvan PPV:n jalkojen veivit, lyhyt ja pitk\u00e4<\/p>\n\n\n\n<p><strong>HINTA: 50 \u20ac \/kpl<\/strong><\/p>\n\n\n\n<p><strong>Kaikki tuotteet myyd\u00e4\u00e4n sellaisessa kunnossa kuin ne kuvaushetkell\u00e4 ovat olleet, ilman vaihto- tai palautusoikeutta. Kaikki tuotteet ovat tarkastettuja ja todettu toimiviksi.<\/strong><\/p>\n\n\n\n<p><a href=\"https:\/\/jvworks.fi\/index.php\/yhteystiedot\/\" data-type=\"page\" data-id=\"213\">Yhteydenotot joko s\u00e4hk\u00f6postilla, lomakkeen kautta tai puhelimitse<\/a><\/p>\n\n\n\n<p><\/p>\n","protected":false},"excerpt":{"rendered":"<p>MUUT ARTIKKELIT Kuvan mukainen Generaattori. Ei kertaakaan k\u00e4ytetty, eik\u00e4 ole polttoaineita tankissa ollut. S\u00e4ilytetty kuivassa ja l\u00e4mpim\u00e4ss\u00e4. HINTA: 150 \u20ac L\u00f6h\u00f6tuoli HINTA: 50 \u20ac Vanha 70-80-luvun makuusohva HINTA: 50\u20ac Satulatuoli HINTA: 50 \u20ac RASKASKALUSTO Sekalainen setti PPV:n johtoja sek\u00e4 ilmaletkuja Ilmaletkut pun\/kelt (uudet ) ilman liittimi\u00e4 50 \u20ac \/kpl Duomatic-Duomatic Ilmaletku 150 \u20ac ABS johto &hellip; <a href=\"https:\/\/jvworks.fi\/index.php\/myydaan\/\" class=\"more-link\">Jatka lukemista <span class=\"screen-reader-text\">Myyd\u00e4\u00e4n<\/span> <span class=\"meta-nav\">&rarr;<\/span><\/a><\/p>\n","protected":false},"author":2,"featured_media":0,"parent":0,"menu_order":0,"comment_status":"closed","ping_status":"closed","template":"","meta":{"footnotes":""},"class_list":["post-346","page","type-page","status-publish","hentry"],"jetpack_sharing_enabled":true,"_links":{"self":[{"href":"https:\/\/jvworks.fi\/index.php\/wp-json\/wp\/v2\/pages\/346","targetHints":{"allow":["GET"]}}],"collection":[{"href":"https:\/\/jvworks.fi\/index.php\/wp-json\/wp\/v2\/pages"}],"about":[{"href":"https:\/\/jvworks.fi\/index.php\/wp-json\/wp\/v2\/types\/page"}],"author":[{"embeddable":true,"href":"https:\/\/jvworks.fi\/index.php\/wp-json\/wp\/v2\/users\/2"}],"replies":[{"embeddable":true,"href":"https:\/\/jvworks.fi\/index.php\/wp-json\/wp\/v2\/comments?post=346"}],"version-history":[{"count":7,"href":"https:\/\/jvworks.fi\/index.php\/wp-json\/wp\/v2\/pages\/346\/revisions"}],"predecessor-version":[{"id":355,"href":"https:\/\/jvworks.fi\/index.php\/wp-json\/wp\/v2\/pages\/346\/revisions\/355"}],"wp:attachment":[{"href":"https:\/\/jvworks.fi\/index.php\/wp-json\/wp\/v2\/media?parent=346"}],"curies":[{"name":"wp","href":"https:\/\/api.w.org\/{rel}","templated":true}]}}