{"id":191,"date":"2026-02-16T13:59:50","date_gmt":"2026-02-16T13:59:50","guid":{"rendered":"https:\/\/jvworks.fi\/?page_id=191"},"modified":"2026-02-17T11:17:54","modified_gmt":"2026-02-17T08:17:54","slug":"kuljettajavuokraus","status":"publish","type":"page","link":"https:\/\/jvworks.fi\/index.php\/kuljettajavuokraus\/","title":{"rendered":"Kuljettajavuokraus"},"content":{"rendered":"\n<p><strong>Kuljettajavuokraus<\/strong><\/p>\n\n\n\n<p>Kuljetusosaaminen perustuu 30-vuoden ammattitaitoon alalla. Jatkuvan kouluttautumisen johdosta, on teht\u00e4v\u00e4kentt\u00e4 laajentunut huomattavasti<br>alkuper\u00e4isest\u00e4.<br><br><strong>Koulutukset ja luvat:<\/strong><\/p>\n\n\n\n<ul class=\"wp-block-list\">\n<li>Ajokortti ABCDE<\/li>\n\n\n\n<li>Kuljettajakortti<\/li>\n\n\n\n<li>Ammattip\u00e4tevyys<\/li>\n\n\n\n<li>ADR-lupa. ( Kappaletavara ml luokat 1 &amp; 7)<\/li>\n\n\n\n<li>Tieturva 1<\/li>\n\n\n\n<li>Ty\u00f6turva<\/li>\n\n\n\n<li>Trukkikortti<\/li>\n\n\n\n<li>Vesity\u00f6<\/li>\n\n\n\n<li>Tulity\u00f6<\/li>\n\n\n\n<li>Taksilupa<\/li>\n\n\n\n<li>Hygieniapassi<\/li>\n\n\n\n<li>Anniskelupassi<\/li>\n\n\n\n<li>Ik\u00e4rajapassi<\/li>\n\n\n\n<li>KEY ja REAK koulutus ( Ennakoivan- ja taloudellisen ajon<br>\u00a0\u00a0\u00a0\u00a0koulutus )<\/li>\n\n\n\n<li>Yhdistelm\u00e4ajoneuvonkuljettajan koulutus<\/li>\n\n\n\n<li>Linja-autonkuljettajan koulutus sek\u00e4 5-vuoden ajokokemus<\/li>\n\n\n\n<li>J\u00e4rjestelm\u00e4tukihenkil\u00f6n ammattitutkinto<br><br><\/li>\n<\/ul>\n\n\n\n<p><strong>Ty\u00f6kokemus:<\/strong><\/p>\n\n\n\n<p>Kuljetusalalla vuodesta 1987. <\/p>\n\n\n\n<ul class=\"wp-block-list\">\n<li>Kuorma-autoa ( vaihtolavoja, vaijeri- ja koukku, nosturiautoja, jakoliikennett\u00e4, maansiirtoa, betoniautoja jne ( 1987-2006 )<\/li>\n\n\n\n<li>Linja-autoa, tilausajo- sek\u00e4 linja- ja kaupunkiliikenteess\u00e4 5-vuotta.<\/li>\n\n\n\n<li>Koti- sek\u00e4 ulkomaan irtoper\u00e4liikennett\u00e4 vuodesta 2006 <\/li>\n\n\n\n<li>Omaa kuljetusalan yritystoimintaa Suomen ja pohjoismaiden alueella<\/li>\n\n\n\n<li>ATK-alalla vuodesta 1992 enemm\u00e4n ja v\u00e4hemm\u00e4n aktiivisesti ajamisen lomassa ja v\u00e4lill\u00e4 p\u00e4\u00e4ty\u00f6n\u00e4kin<\/li>\n<\/ul>\n","protected":false},"excerpt":{"rendered":"<p>Kuljettajavuokraus Kuljetusosaaminen perustuu 30-vuoden ammattitaitoon alalla. Jatkuvan kouluttautumisen johdosta, on teht\u00e4v\u00e4kentt\u00e4 laajentunut huomattavastialkuper\u00e4isest\u00e4. Koulutukset ja luvat: Ty\u00f6kokemus: Kuljetusalalla vuodesta 1987.<\/p>\n","protected":false},"author":2,"featured_media":0,"parent":0,"menu_order":2,"comment_status":"closed","ping_status":"closed","template":"","meta":{"footnotes":""},"class_list":["post-191","page","type-page","status-publish","hentry"],"jetpack_sharing_enabled":true,"_links":{"self":[{"href":"https:\/\/jvworks.fi\/index.php\/wp-json\/wp\/v2\/pages\/191","targetHints":{"allow":["GET"]}}],"collection":[{"href":"https:\/\/jvworks.fi\/index.php\/wp-json\/wp\/v2\/pages"}],"about":[{"href":"https:\/\/jvworks.fi\/index.php\/wp-json\/wp\/v2\/types\/page"}],"author":[{"embeddable":true,"href":"https:\/\/jvworks.fi\/index.php\/wp-json\/wp\/v2\/users\/2"}],"replies":[{"embeddable":true,"href":"https:\/\/jvworks.fi\/index.php\/wp-json\/wp\/v2\/comments?post=191"}],"version-history":[{"count":1,"href":"https:\/\/jvworks.fi\/index.php\/wp-json\/wp\/v2\/pages\/191\/revisions"}],"predecessor-version":[{"id":196,"href":"https:\/\/jvworks.fi\/index.php\/wp-json\/wp\/v2\/pages\/191\/revisions\/196"}],"wp:attachment":[{"href":"https:\/\/jvworks.fi\/index.php\/wp-json\/wp\/v2\/media?parent=191"}],"curies":[{"name":"wp","href":"https:\/\/api.w.org\/{rel}","templated":true}]}}